46148.
2, 3, 73, 12841
List the prime factors of 3435835026.
2, 3, 13, 44049167
List the prime factors of 232037.
13, 1373
List the prime factors of 21335512.
2, 11, 242449
What are the prime factors of 643789327?
1193, 539639
What are the prime factors of 118809144?
2, 3, 41, 167, 241
What are the prime factors of 182036537?
182036537
What are the prime factors of 170588581?
170588581
List the prime factors of 1089282733.
7, 11, 14146529
What are the prime factors of 140539579?
37, 3798367
List the prime factors of 6828364.
2, 113, 15107
What are the prime factors of 1715575583?
1715575583
List the prime factors of 13834546.
2, 11, 19, 23, 1439
List the prime factors of 5236743419.
6679, 784061
What are the prime factors of 389122399?
67, 5807797
List the prime factors of 3664479939.
3, 353, 373, 9277
What are the prime factors of 305900742?
2, 3, 7, 7283351
What are the prime factors of 35125033?
113, 163, 1907
List the prime factors of 160701182.
2, 1061, 75731
What are the prime factors of 570900794?
2, 233, 1225109
List the prime factors of 257866181.
257866181
What are the prime factors of 230479533?
3, 61, 139939
List the prime factors of 1038033258.
2, 3, 47, 131, 28099
List the prime factors of 1985100961.
59, 3253, 10343
What are the prime factors of 279632316?
2, 3, 23302693
What are the prime factors of 6634895?
5, 19, 211, 331
List the prime factors of 111647013.
3, 29, 163, 7873
What are the prime factors of 354500465?
5, 11, 6445463
What are the prime factors of 6082671117?
3, 257, 601, 13127
List the prime factors of 1681327664.
2, 29, 587, 6173
List the prime factors of 196497669.
3, 2269, 28867
What are the prime factors of 120934765?
5, 7, 193, 17903
What are the prime factors of 49684001?
49684001
What are the prime factors of 291451786?
2, 145725893
What are the prime factors of 109402332?
2, 3, 13, 337, 2081
List the prime factors of 619825098.
2, 3, 31, 3332393
List the prime factors of 24124459.
24124459
What are the prime factors of 205572678?
2, 3, 34262113
What are the prime factors of 772945947?
3, 37, 2321159
List the prime factors of 1288136925.
3, 5, 212039
What are the prime factors of 233581721?
23, 1567, 6481
What are the prime factors of 465427598?
2, 17, 211, 64877
List the prime factors of 117033277.
31, 1747, 2161
List the prime factors of 95281469.
95281469
What are the prime factors of 304316205?
3, 5, 181, 112087
What are the prime factors of 3219732169?
233, 1607, 8599
What are the prime factors of 6609042?
2, 3, 11, 29, 1151
List the prime factors of 95636654.
2, 61, 853, 919
What are the prime factors of 1116339823?
1116339823
List the prime factors of 1875598955.
5, 5059, 74149
What are the prime factors of 146895659?
1153, 127403
List the prime factors of 117790536.
2, 3, 37, 132647
List the prime factors of 1053714.
2, 3, 61, 2879
List the prime factors of 2039855055.
3, 5, 7, 2775313
What are the prime factors of 3590945649?
3, 17, 7823411
List the prime factors of 2005126513.
13, 4481, 34421
List the prime factors of 825180403.
101, 379, 21557
List the prime factors of 4929792546.
2, 3, 7, 31, 373, 10151
List the prime factors of 954911953.
23, 6359, 6529
What are the prime factors of 65415760?
2, 5, 817697
What are the prime factors of 235256886?
2, 3, 1452203
What are the prime factors of 113750830?
2, 5, 11375083
List the prime factors of 6788683763.
17, 587, 680297
What are the prime factors of 702897083?
7, 61, 877, 1877
List the prime factors of 174252502.
2, 87126251
List the prime factors of 95409527.
131, 728317
List the prime factors of 255432745.
5, 51086549
What are the prime factors of 12468299?
12468299
List the prime factors of 7998784.
2, 124981
What are the prime factors of 180496385?
5, 131, 239, 1153
What are the prime factors of 151043662?
2, 7, 11, 980803
List the prime factors of 125207611.
211, 593401
List the prime factors of 75948910.
2, 5, 1493, 5087
List the prime factors of 1647268657.
71, 1361, 17047
What are the prime factors of 2017545064?
2, 53, 373, 12757
What are the prime factors of 5623467472?
2, 7, 59, 851009
List the prime factors of 1600905741.
3, 211, 2529077
What are the prime factors of 1189349269?
61, 19497529
List the prime factors of 77455321.
77455321
List the prime factors of 1035867065.
5, 207173413
List the prime factors of 20350660.
2, 5, 11, 92503
List the prime factors of 156828132.
2, 3, 31, 140527
What are the prime factors of 5235076039?
9277, 564307
List the prime factors of 90215408.
2, 523, 10781
What are the prime factors of 2044470?
2, 3, 5, 23, 2963
What are the prime factors of 242786280?
2, 3, 5, 11, 193, 953
List the prime factors of 307722364.
2, 29, 2652779
List the prime factors of 5705157389.
787, 7249247
What are the prime factors of 2090248426?
2, 7, 149303459
List the prime factors of 1732908407.
1732908407
What are the prime factors of 17806315?
5, 3561263
What are the prime factors of 2622766715?
5, 17, 2647, 11657
List the prime factors of 12362202.
2, 3, 686789
What are the prime factors of 38640217?
7, 11, 501821
What are the prime factors of 608705033?
19, 43, 79, 9431
What are the prime factors of 24957712?
2, 13, 97, 1237
List the prime factors of 282123830.
2, 5, 73, 386471
List the prime factors of 585591444.
2, 3, 233, 7757
List the prime factors of 3928349752.
2, 101, 157, 173, 179
What are the prime factors of 70786619?
70786619
List the prime factors of 5688142336.
2, 17, 599, 1091
List the prime factors of 944804024.
2, 118100503
What are the prime factors of 4263336?
2, 3, 7, 11, 769
What are the prime factors of 59863843?
13, 4604911
What are the prime factors of 698986894?
2, 7219, 48413
List the prime factors of 297339008.
2, 2322961
List the prime factors of 71462866.
2, 17, 2101849
List the prime factors of 9270181.
113, 82037
What are the prime factors of 688034659?
13, 17, 71, 3373
List the prime factors of 343261862.
2, 43, 197, 20261
List the prime factors of 2894579556.
2, 3, 11, 3319, 6607
What are the prime factors of 2926182221?
577, 5071373
What are the prime factors of 49432084?
2, 13, 950617
What are the prime factors of 1039677224?
2, 47, 2765099
List the prime factors of 1313079937.
13, 47, 2149067
List the prime factors of 106900482.
2, 3, 13, 1370519
List the prime factors of 74879912.
2, 19, 492631
List the prime factors of 131183846.
2, 41, 1599803
What are the prime factors of 8952242?
2, 13, 29, 31, 383
What are the prime factors of 2438549818?
2, 4397, 277297
List the prime factors of 173897037.
3, 461, 4657
List the prime factors of 92385324.
2, 3, 2566259
List the prime factors of 442091345.
5, 3169, 27901
What are the prime factors of 530246777?
67, 7914131
What are the prime factors of 981873671?
981873671
What are the prime factors of 506029160?
2, 5, 7, 13, 43, 53, 61
What are the prime factors of 163419967?
163419967
What are the prime factors of 2857058629?
13901, 205529
What are the prime factors of 5257427486?
2, 2017, 1303279
What are the prime factors of 971078701?
2437, 398473
What are the prime factors of 72376059?
3, 7, 131, 26309
What are the prime factors of 73874263?
467, 158189
List the prime factors of 3820207.
47, 81281
List the prime factors of 3422171474.
2, 173, 9890669
List the prime factors of 1025729150.
2, 5, 20514583
List the prime factors of 505818020.
2, 5, 25290901
What are the prime factors of 921589250?
2, 5, 3686357
List the prime factors of 406848820.
2, 5, 7, 457, 6359
List the prime factors of 522838771.
7, 13, 727, 1129
List the prime factors of 5943311196.
2, 3, 31, 229, 69767
What are the prime factors of 632582255?
5, 126516451
What are the prime factors of 455592611?
43, 53, 199909
List the prime factors of 135367352.
2, 307, 55117
List the prime factors of 166990980.
2, 3, 5, 13, 214091
List the prime factors of 1032350491.
5113, 201907
What are the prime factors of 95989192?
2, 13, 922973
What are the prime factors of 25862925?
3, 5, 11, 23, 29, 47
What are the prime factors of 296812713?
3, 281, 379, 929
What are the prime factors of 256442471?
11863, 21617
List the prime factors of 21699455.
5, 41, 151, 701
What are the prime factors of 188590991?
43, 4385837
What are the prime factors of 320478502?
2, 863, 185677
What are the prime f